)/(1/(-15)) a prime number?
False
Let u(g) = -g**3 - 7*g**2 - 7*g - 4. Let b be u(-6). Let l(x) = 2 + 50*x**3 + 0*x**2 + 12*x - x**b - 52*x**3. Is l(-5) a prime number?
True
Is (-12 - (-271 - 15)) + (0 - 3) a composite number?
False
Suppose 5*m - 5*b - 20 = 0, 0 = -4*m + b - 3*b + 10. Suppose -4*o + 5*o = m. Suppose 5*p = o*s + 338 - 31, 2*p - 98 = -5*s. Is p composite?
False
Let p = -222 + 419. Let q = p + 482. Is q composite?
True
Let m(j) = j**3 - 12*j**2 - 15*j + 65. Is m(19) prime?
False
Let n = 36 + -19. Let a(i) = -i**3 + 21*i**2 + 12*i + 1. Is a(n) a prime number?
True
Suppose -5*d - o + 21004 = 0, 4*d - 10502 = 3*o + 6305. Is d composite?
False
Let i(a) = -92*a + 17. Let t(j) = 91*j - 16. Let x(c) = 3*i(c) + 4*t(c). Is x(11) a prime number?
False
Let b = 37 - 31. Is 1146/(-2)*(-2)/b composite?
False
Suppose -5*k = 5*y + 90, -4*k - 3*y - 54 - 13 = 0. Is 26/(-169) + (-7347)/k a composite number?
True
Suppose 3*p + 547 + 134 = 0. Let b = -543 - -933. Let z = b + p. Is z a composite number?
False
Let s(t) be the first derivative of -t**4/4 - 2*t**3 - t**2/2 - 7*t - 2. Let o be s(-6). Let l = o + 432. Is l a composite number?
False
Suppose 4*d - 3*g + 2*g = 17, -d + 14 = 3*g. Suppose -2*s + d*s + 9 = 0. Is (-2)/s + (-1011)/(-9) a prime number?
True
Let y(k) = -3*k**3 - 5 - 5*k - k**2 + 4*k**3 + 3*k. Let s be (425/(-255))/(-5*1/18). Is y(s) composite?
False
Suppose -10*a + 186528 = -2*a. Suppose -3*x = 9*x - a. Is x a composite number?
True
Is (-1)/(15/(-3))*(-12 - -27607) composite?
False
Suppose 0 = 17*w - 12*w - 47300. Is w/15 + (-5)/(-15) composite?
False
Suppose 0*y + 181357 = 11*y. Is y prime?
True
Let v be (11 - 3)*1302/24. Let u be (-2 + 0)/((-2)/1123). Suppose 0*g + v = 2*q - 3*g, -2*g = 5*q - u. Is q a prime number?
True
Suppose -5*t + 0*t + 24 = 4*v, -3*v = 2*t - 4. Suppose t*l - 10212 = -4*l. Is l composite?
True
Let k(p) = 3*p**3 + 22*p**2 - 6*p + 9. Let a(f) = -f**3 - f**2 + f + 1. Let w(r) = 4*a(r) + k(r). Is w(14) a prime number?
True
Suppose -33*l + 31*l - 6900 = 0. Let n = l - -6413. Is n a composite number?
False
Let y = -108 + 110. Suppose 4*z = -5*h + 4857, 0 = y*z - 4*z + 2*h + 2424. Is z a composite number?
False
Let v(t) = -25*t**3 - 2*t**2 - 9*t - 5. Let m be v(-4). Is m + (20/1)/5 composite?
True
Let z(f) = -331*f**3 - 4*f**2 + 3*f + 3. Let i(q) = -2*q**2 + 28*q - 2. Let n be i(14). Is z(n) composite?
True
Let y = 68 - 41. Let p = -23 + y. Suppose -7 - 437 = -p*z. Is z a prime number?
False
Suppose 1230 = -3*u - 3*o - 0*o, -1225 = 3*u + 4*o. Suppose 6*p - 4 = 2. Is ((-8)/(-2) - u)/p prime?
True
Let j(o) = 0*o**2 - 6*o**2 + 3 + 2*o**3 - 2*o - 3*o**3. Let x be j(-7). Suppose 251 = 5*f + x. Is f composite?
False
Suppose -353*v + 335*v + 73638 = 0. Is v a composite number?
False
Let i(b) = 2*b**3 + b**2 - b + 1. Let a be i(1). Suppose 658 = 5*c - a*n, -3*c = -c + n - 272. Suppose -2*d + c = -104. Is d a composite number?
True
Suppose 3*a = -13*u + 16*u - 343212, 343226 = 3*u + 4*a. Is u a prime number?
False
Let k(j) = -1 - 16 + 0 - 75*j. Is k(-5) a composite number?
True
Suppose 5*s - 2931 = 27059. Is s a composite number?
True
Is 1/(3 + -4)*-28019 a prime number?
True
Let c be 3/(2 - (-15)/(-9)). Let v = c - 8. Is (-58)/(-4)*v*4 a prime number?
False
Let t = 2244 + -1130. Let u be 2*(-21)/(-6) - 2. Suppose -4*c - 1324 = -2*z + t, u*c = 5*z - 6075. Is z a composite number?
True
Suppose -27*u + 20391 = -106266. Is u composite?
False
Suppose 10*a - 9*a - 4735 = 0. Is a a prime number?
False
Is (5/2)/((-5)/(-590)) a composite number?
True
Let j(g) = 7 + 4*g + 1 - 2*g - 39. Let p be j(14). Is (p - (-4 - -4)) + 488 prime?
False
Suppose -4*q - 8 = 0, 11*q - 8*q = -5*i + 5939. Is i a prime number?
False
Let w = 25142 - -677. Is w a composite number?
False
Let t = 90 + -83. Suppose 9*y - 2238 = t*y. Is y prime?
False
Suppose -30 = -3*w - 0*w. Suppose -3*p = 5*b + 6, 4*p - 2*b = w + 8. Suppose 77 = l + p*z, -z - 2*z = 4*l - 344. Is l a prime number?
True
Let s = -12 - -2. Let a = s + 13. Suppose 2*i - 2605 = -a*i. Is i a composite number?
False
Suppose -y = -3*m + 13, 0*m = -4*m - 3*y. Let p(i) = i**2 - 2*i - 1. Let b be p(m). Suppose 5*h + t - 294 = 0, 0 = -b*t - 1 - 1. Is h prime?
True
Let i = 40 - 50. Is (7 + 60)/((-2)/i) prime?
False
Let y(h) = 47*h**2 + 9*h + 11. Let x be y(13). Suppose -14*p = 77 - x. Is p a prime number?
True
Suppose 0 = -4*r - 3*z + 2*z - 134, 140 = -4*r - 4*z. Let f = r + 33. Suppose 133 = s - i - i, f = -3*s - i + 378. Is s a prime number?
True
Let q = 7405 - 3314. Is q prime?
True
Suppose 0 = -2*p - 3*q + 6 - 20, 5*p = q - 35. Let d(z) = -3*z**3 - 6*z**2 - z + 9. Is d(p) a composite number?
False
Let r(j) = 26*j**3 - 14*j**2 - 24*j - 31. Is r(8) composite?
True
Suppose -2*c + 4*v + 4110 = 0, 3*c + 0*v + v - 6179 = 0. Is c prime?
False
Suppose 0 = 10*g - g - 3951. Let f = -294 + g. Is f composite?
True
Let m(l) = 280*l - 128. Let w(i) = 93*i - 43. Let n(x) = 2*m(x) - 7*w(x). Is n(-20) a composite number?
True
Suppose -29*s + 37*s - 32584 = 0. Is s a prime number?
True
Let x(i) = -i**2 + 2*i - 133. Let y be x(0). Let r = -220 - y. Let f = 414 + r. Is f a prime number?
False
Let n(p) = 152*p**2 + 18*p + 23. Is n(-11) a prime number?
True
Suppose -4 = -y - 5, 26543 = 5*z + 2*y. Is z a composite number?
False
Let u(f) = -f**3 + 7*f**2 + 13*f. Let z(l) = l**3 - 8*l**2 - 14*l - 1. Let j(p) = 3*u(p) + 2*z(p). Is j(5) composite?
False
Suppose 21 = 5*l + y, 5*y - y = 5*l - 16. Suppose 5*o - 197 = 3*d - 1324, 3*o = l*d - 1510. Is d composite?
False
Is 5 - (-5 + -5 + 6 - 4096) composite?
True
Suppose -27 - 1 = -4*c. Suppose 491 = 3*a - 5*d, 2*d = c*d + 20. Is a prime?
True
Let f = -20 - -23. Suppose -258 + 1839 = f*d. Is d a prime number?
False
Suppose 0 = -3*o + 8 - 20. Let z be 18/o*(-2)/3. Suppose -4*r - z*w = -9*r + 288, -117 = -2*r + 3*w. Is r a prime number?
False
Let k(l) = -3 - 2 + l**3 + 15*l - 3*l**2 - 10*l. Is k(6) a composite number?
True
Let v = 7341 - 2337. Let c = -2587 + v. Is c a prime number?
True
Let y(w) = -223*w + 3. Let m be y(-1). Suppose m = -0*l + 2*l. Is l composite?
False
Let m be ((-2 - -3) + -1)/3. Suppose m = -2*k - 798 + 6016. Is k a prime number?
True
Let x(y) = -21*y**2 + 1 - 3 - 5*y - 3 + 3. Let t be x(-5). Is t/3*15/(-10) prime?
True
Let v(h) be the first derivative of -h**4 - 2*h**3 - h**2 - 7*h + 12. Is v(-5) composite?
False
Suppose 2*b - 69384 = -2*i, -i - 4*b = -0*b - 34689. Is i composite?
False
Let g(t) = 429*t - 55. Let k(y) = 430*y - 56. Let q(r) = 5*g(r) - 6*k(r). Is q(-6) composite?
False
Suppose 39*j - 3*n - 8746 = 38*j, -n = -5*j + 43688. Is j a prime number?
True
Let s(y) = -635*y - 14. Is s(-5) composite?
True
Let t(v) = v + 15. Suppose 24 = -9*p + 7*p. Is t(p) composite?
False
Suppose -64030 = 8*j - 18*j. Is j a composite number?
True
Suppose 0 = 29*b + 36*b - 3050255. Is b a composite number?
True
Let n(z) = 1022*z**2 + 7*z + 9. Is n(-4) a composite number?
False
Let t be 99 + (0*2/(-6))/(-2). Suppose t*g = 101*g - 1114. Is g prime?
True
Let h = -5009 + 23514. Is h a prime number?
False
Let w = 1 + 1. Let k be 2*(-77)/(-14) + -8. Suppose 5*z - 450 = -5*n, 2*n - k*z = -w*n + 325. Is n prime?
False
Let f = -665 - -433. Is (-1)/(3 + f/77) composite?
True
Let h(g) = g**3 - 11*g**2 + 18*g + 13. Let i(d) = d**3 + 14*d**2 - 17*d - 16. Let v be i(-15). Is h(v) prime?
True
Suppose 4*h = -5*i + 105, -4*h - 2*i = 2*i - 108. Let t be 4748/10 + 6/h. Suppose -3*b + 8*f = 4*f - t, 0 = -3*b - f + 485. Is b a composite number?
True
Is 6 + 308/(-49) - 105312/(-14) a composite number?
True
Let o be (1 - -8) + -3 - 1. Let z(d) = -680*d - 5. Let x be z(-5). Suppose -o*i - x = -10*i. Is i prime?
False
Suppose 7*k - 35987 = 42. Is k prime?
True
Let w(m) = 665*m - 52. Is w(15) composite?
False
Let n(j) = 114*j**2 + 21*j - 43. Is n(-14) a prime number?
False
Let u(h) = 14*h**2 - 3 - 6*h**2 - 19*h + 5. Is u(9) prime?
True
Let v(l) = 314*l**3 + 7*l. Is v(3) a composite number?
True
Suppose 2*m + m - 3*n = 6, -3*n = 2*m - 14. Suppose -3*z + m*z = 0, 5*w - 5*z = 0. Suppose 4*x - 3*f - 301 = w, -f + 133 + 109 = 3*x. Is x composite?
False
Suppose -2*z - 3*r + 594 = -2*r, 0 = -5*z - 4*r + 1488. Suppose 0 = 16*t + 14*t - 3690. Let f = t + z. Is f prime?
True
Let n = -3808 + 7805. Is n co